{"id":328,"date":"2021-06-29T21:51:29","date_gmt":"2021-06-29T21:51:29","guid":{"rendered":"https:\/\/joaoflora.com\/lpcollect\/?page_id=328"},"modified":"2023-07-26T09:47:20","modified_gmt":"2023-07-26T09:47:20","slug":"contactos","status":"publish","type":"page","link":"https:\/\/joaoflora.com\/lpcollect\/contactos\/","title":{"rendered":"Contactos"},"content":{"rendered":"\r\n<p class=\"has-text-align-center\"><i class=\"fa fa-phone \" ><\/i>\r\n\r\n\r\n\r\n<p class=\"has-text-align-center\">telem\u00f3vel<br><strong>+351 967 371 202<\/strong>\r\n<br>\r\n(Chamada para rede m\u00f3vel nacional)\r\n<br>\r\n<i class=\"fa fa-envelope \" ><\/i>\r\n\r\n\r\n\r\n<p class=\"has-text-align-center\">email<br><strong>lpcollect@joaoflora.com<\/strong><\/p>\r\n\r\n\r\n\r\n<p class=\"has-text-align-center\"><i class=\"fa fa-user tie \" ><\/i>\r\n\r\n\r\n\r\n<p class=\"has-text-align-center\">nome<\/p>\r\n\r\n\r\n\r\n<p class=\"has-text-align-center\"><strong>Jo\u00e3o Francisco Farinha Flora<\/strong><\/p>\r\n\r\n\r\n\r\n<p class=\"has-text-align-center\"><i class=\"fa fa-certificate \" ><\/i>\r\n\r\n\r\n\r\n<p class=\"has-text-align-center\">nif<\/p>\r\n\r\n\r\n\r\n<p class=\"has-text-align-center\"><strong>250960028<\/strong><\/p>\r\n\r\n\r\n\r\n<p class=\"has-text-align-center\"><i class=\"fa fa-map location \" ><\/i>\r\n\r\n\r\n\r\n<p class=\"has-text-align-center\">morada<\/p>\r\n\r\n\r\n\r\n<p class=\"has-text-align-center\"><strong>Rua Ant\u00f3nio Barata e Silva, n\u00ba9, r\/c direito<br>6100-783 Sert\u00e3 <\/strong><\/p>\r\n\r\n\r\n<div class=\"su-divider su-divider-style-dotted\" style=\"margin:15px 0;border-width:3px;border-color:#999999\"><\/div>\n\r\n\r\n\r\n<figure class=\"wp-block-image size-large\"><img data-recalc-dims=\"1\" decoding=\"async\" src=\"https:\/\/i0.wp.com\/images.squarespace-cdn.com\/content\/v1\/5eed91f26211f8352ebb814a\/1595307303841-2SYIN6HTWCTO4R9EIW80\/DontPlayWhatsThere-03.png?w=960&#038;ssl=1\" alt=\"\"\/><\/figure>\r\n\r\n\r\n\r\n<p><\/p>\r\n","protected":false},"excerpt":{"rendered":"<p>telem\u00f3vel+351 967 371 202 (Chamada para rede m\u00f3vel nacional) emaillpcollect@joaoflora.com nome Jo\u00e3o Francisco Farinha Flora nif 250960028 morada Rua Ant\u00f3nio Barata e Silva, n\u00ba9, r\/c direito6100-783 Sert\u00e3<\/p>\n","protected":false},"author":1,"featured_media":0,"parent":0,"menu_order":0,"comment_status":"closed","ping_status":"closed","template":"","meta":{"nf_dc_page":"","footnotes":""},"class_list":["post-328","page","type-page","status-publish","hentry"],"yoast_head":"<!-- This site is optimized with the Yoast SEO plugin v27.4 - https:\/\/yoast.com\/product\/yoast-seo-wordpress\/ -->\n<title>Contactos - lpcollect<\/title>\n<meta name=\"robots\" content=\"index, follow, max-snippet:-1, max-image-preview:large, max-video-preview:-1\" \/>\n<link rel=\"canonical\" href=\"https:\/\/joaoflora.com\/lpcollect\/contactos\/\" \/>\n<meta property=\"og:locale\" content=\"pt_PT\" \/>\n<meta property=\"og:type\" content=\"article\" \/>\n<meta property=\"og:title\" content=\"Contactos - lpcollect\" \/>\n<meta property=\"og:description\" content=\"telem\u00f3vel+351 967 371 202 (Chamada para rede m\u00f3vel nacional) emaillpcollect@joaoflora.com nome Jo\u00e3o Francisco Farinha Flora nif 250960028 morada Rua Ant\u00f3nio Barata e Silva, n\u00ba9, r\/c direito6100-783 Sert\u00e3\" \/>\n<meta property=\"og:url\" content=\"https:\/\/joaoflora.com\/lpcollect\/contactos\/\" \/>\n<meta property=\"og:site_name\" content=\"lpcollect\" \/>\n<meta property=\"article:publisher\" content=\"https:\/\/www.facebook.com\/lpcollect\" \/>\n<meta property=\"article:modified_time\" content=\"2023-07-26T09:47:20+00:00\" \/>\n<meta property=\"og:image\" content=\"https:\/\/images.squarespace-cdn.com\/content\/v1\/5eed91f26211f8352ebb814a\/1595307303841-2SYIN6HTWCTO4R9EIW80\/DontPlayWhatsThere-03.png\" \/>\n<meta name=\"twitter:card\" content=\"summary_large_image\" \/>\n<meta name=\"twitter:label1\" content=\"Tempo estimado de leitura\" \/>\n\t<meta name=\"twitter:data1\" content=\"1 minuto\" \/>\n<script type=\"application\/ld+json\" class=\"yoast-schema-graph\">{\"@context\":\"https:\\\/\\\/schema.org\",\"@graph\":[{\"@type\":\"WebPage\",\"@id\":\"https:\\\/\\\/joaoflora.com\\\/lpcollect\\\/contactos\\\/\",\"url\":\"https:\\\/\\\/joaoflora.com\\\/lpcollect\\\/contactos\\\/\",\"name\":\"Contactos - lpcollect\",\"isPartOf\":{\"@id\":\"https:\\\/\\\/joaoflora.com\\\/lpcollect\\\/#website\"},\"primaryImageOfPage\":{\"@id\":\"https:\\\/\\\/joaoflora.com\\\/lpcollect\\\/contactos\\\/#primaryimage\"},\"image\":{\"@id\":\"https:\\\/\\\/joaoflora.com\\\/lpcollect\\\/contactos\\\/#primaryimage\"},\"thumbnailUrl\":\"https:\\\/\\\/images.squarespace-cdn.com\\\/content\\\/v1\\\/5eed91f26211f8352ebb814a\\\/1595307303841-2SYIN6HTWCTO4R9EIW80\\\/DontPlayWhatsThere-03.png\",\"datePublished\":\"2021-06-29T21:51:29+00:00\",\"dateModified\":\"2023-07-26T09:47:20+00:00\",\"breadcrumb\":{\"@id\":\"https:\\\/\\\/joaoflora.com\\\/lpcollect\\\/contactos\\\/#breadcrumb\"},\"inLanguage\":\"pt-PT\",\"potentialAction\":[{\"@type\":\"ReadAction\",\"target\":[\"https:\\\/\\\/joaoflora.com\\\/lpcollect\\\/contactos\\\/\"]}]},{\"@type\":\"ImageObject\",\"inLanguage\":\"pt-PT\",\"@id\":\"https:\\\/\\\/joaoflora.com\\\/lpcollect\\\/contactos\\\/#primaryimage\",\"url\":\"https:\\\/\\\/images.squarespace-cdn.com\\\/content\\\/v1\\\/5eed91f26211f8352ebb814a\\\/1595307303841-2SYIN6HTWCTO4R9EIW80\\\/DontPlayWhatsThere-03.png\",\"contentUrl\":\"https:\\\/\\\/images.squarespace-cdn.com\\\/content\\\/v1\\\/5eed91f26211f8352ebb814a\\\/1595307303841-2SYIN6HTWCTO4R9EIW80\\\/DontPlayWhatsThere-03.png\"},{\"@type\":\"BreadcrumbList\",\"@id\":\"https:\\\/\\\/joaoflora.com\\\/lpcollect\\\/contactos\\\/#breadcrumb\",\"itemListElement\":[{\"@type\":\"ListItem\",\"position\":1,\"name\":\"In\u00edcio\",\"item\":\"https:\\\/\\\/joaoflora.com\\\/lpcollect\\\/\"},{\"@type\":\"ListItem\",\"position\":2,\"name\":\"Contactos\"}]},{\"@type\":\"WebSite\",\"@id\":\"https:\\\/\\\/joaoflora.com\\\/lpcollect\\\/#website\",\"url\":\"https:\\\/\\\/joaoflora.com\\\/lpcollect\\\/\",\"name\":\"lpcollect\",\"description\":\"Don&#039;t play what&#039;s there, play what&#039;s not there\",\"publisher\":{\"@id\":\"https:\\\/\\\/joaoflora.com\\\/lpcollect\\\/#\\\/schema\\\/person\\\/2ac13c7a6c6aeb1a3c9c414856da0444\"},\"potentialAction\":[{\"@type\":\"SearchAction\",\"target\":{\"@type\":\"EntryPoint\",\"urlTemplate\":\"https:\\\/\\\/joaoflora.com\\\/lpcollect\\\/?s={search_term_string}\"},\"query-input\":{\"@type\":\"PropertyValueSpecification\",\"valueRequired\":true,\"valueName\":\"search_term_string\"}}],\"inLanguage\":\"pt-PT\"},{\"@type\":[\"Person\",\"Organization\"],\"@id\":\"https:\\\/\\\/joaoflora.com\\\/lpcollect\\\/#\\\/schema\\\/person\\\/2ac13c7a6c6aeb1a3c9c414856da0444\",\"name\":\"jflora\",\"image\":{\"@type\":\"ImageObject\",\"inLanguage\":\"pt-PT\",\"@id\":\"https:\\\/\\\/i0.wp.com\\\/joaoflora.com\\\/lpcollect\\\/wp-content\\\/uploads\\\/2021\\\/04\\\/logo_lpcollect.png?fit=900%2C300&ssl=1\",\"url\":\"https:\\\/\\\/i0.wp.com\\\/joaoflora.com\\\/lpcollect\\\/wp-content\\\/uploads\\\/2021\\\/04\\\/logo_lpcollect.png?fit=900%2C300&ssl=1\",\"contentUrl\":\"https:\\\/\\\/i0.wp.com\\\/joaoflora.com\\\/lpcollect\\\/wp-content\\\/uploads\\\/2021\\\/04\\\/logo_lpcollect.png?fit=900%2C300&ssl=1\",\"width\":900,\"height\":300,\"caption\":\"jflora\"},\"logo\":{\"@id\":\"https:\\\/\\\/i0.wp.com\\\/joaoflora.com\\\/lpcollect\\\/wp-content\\\/uploads\\\/2021\\\/04\\\/logo_lpcollect.png?fit=900%2C300&ssl=1\"},\"sameAs\":[\"https:\\\/\\\/joaoflora.com\\\/lpcollect\",\"https:\\\/\\\/www.facebook.com\\\/lpcollect\",\"https:\\\/\\\/www.pinterest.pt\\\/lpcollect\\\/\"]}]}<\/script>\n<!-- \/ Yoast SEO plugin. -->","yoast_head_json":{"title":"Contactos - lpcollect","robots":{"index":"index","follow":"follow","max-snippet":"max-snippet:-1","max-image-preview":"max-image-preview:large","max-video-preview":"max-video-preview:-1"},"canonical":"https:\/\/joaoflora.com\/lpcollect\/contactos\/","og_locale":"pt_PT","og_type":"article","og_title":"Contactos - lpcollect","og_description":"telem\u00f3vel+351 967 371 202 (Chamada para rede m\u00f3vel nacional) emaillpcollect@joaoflora.com nome Jo\u00e3o Francisco Farinha Flora nif 250960028 morada Rua Ant\u00f3nio Barata e Silva, n\u00ba9, r\/c direito6100-783 Sert\u00e3","og_url":"https:\/\/joaoflora.com\/lpcollect\/contactos\/","og_site_name":"lpcollect","article_publisher":"https:\/\/www.facebook.com\/lpcollect","article_modified_time":"2023-07-26T09:47:20+00:00","og_image":[{"url":"https:\/\/images.squarespace-cdn.com\/content\/v1\/5eed91f26211f8352ebb814a\/1595307303841-2SYIN6HTWCTO4R9EIW80\/DontPlayWhatsThere-03.png","type":"","width":"","height":""}],"twitter_card":"summary_large_image","twitter_misc":{"Tempo estimado de leitura":"1 minuto"},"schema":{"@context":"https:\/\/schema.org","@graph":[{"@type":"WebPage","@id":"https:\/\/joaoflora.com\/lpcollect\/contactos\/","url":"https:\/\/joaoflora.com\/lpcollect\/contactos\/","name":"Contactos - lpcollect","isPartOf":{"@id":"https:\/\/joaoflora.com\/lpcollect\/#website"},"primaryImageOfPage":{"@id":"https:\/\/joaoflora.com\/lpcollect\/contactos\/#primaryimage"},"image":{"@id":"https:\/\/joaoflora.com\/lpcollect\/contactos\/#primaryimage"},"thumbnailUrl":"https:\/\/images.squarespace-cdn.com\/content\/v1\/5eed91f26211f8352ebb814a\/1595307303841-2SYIN6HTWCTO4R9EIW80\/DontPlayWhatsThere-03.png","datePublished":"2021-06-29T21:51:29+00:00","dateModified":"2023-07-26T09:47:20+00:00","breadcrumb":{"@id":"https:\/\/joaoflora.com\/lpcollect\/contactos\/#breadcrumb"},"inLanguage":"pt-PT","potentialAction":[{"@type":"ReadAction","target":["https:\/\/joaoflora.com\/lpcollect\/contactos\/"]}]},{"@type":"ImageObject","inLanguage":"pt-PT","@id":"https:\/\/joaoflora.com\/lpcollect\/contactos\/#primaryimage","url":"https:\/\/images.squarespace-cdn.com\/content\/v1\/5eed91f26211f8352ebb814a\/1595307303841-2SYIN6HTWCTO4R9EIW80\/DontPlayWhatsThere-03.png","contentUrl":"https:\/\/images.squarespace-cdn.com\/content\/v1\/5eed91f26211f8352ebb814a\/1595307303841-2SYIN6HTWCTO4R9EIW80\/DontPlayWhatsThere-03.png"},{"@type":"BreadcrumbList","@id":"https:\/\/joaoflora.com\/lpcollect\/contactos\/#breadcrumb","itemListElement":[{"@type":"ListItem","position":1,"name":"In\u00edcio","item":"https:\/\/joaoflora.com\/lpcollect\/"},{"@type":"ListItem","position":2,"name":"Contactos"}]},{"@type":"WebSite","@id":"https:\/\/joaoflora.com\/lpcollect\/#website","url":"https:\/\/joaoflora.com\/lpcollect\/","name":"lpcollect","description":"Don&#039;t play what&#039;s there, play what&#039;s not there","publisher":{"@id":"https:\/\/joaoflora.com\/lpcollect\/#\/schema\/person\/2ac13c7a6c6aeb1a3c9c414856da0444"},"potentialAction":[{"@type":"SearchAction","target":{"@type":"EntryPoint","urlTemplate":"https:\/\/joaoflora.com\/lpcollect\/?s={search_term_string}"},"query-input":{"@type":"PropertyValueSpecification","valueRequired":true,"valueName":"search_term_string"}}],"inLanguage":"pt-PT"},{"@type":["Person","Organization"],"@id":"https:\/\/joaoflora.com\/lpcollect\/#\/schema\/person\/2ac13c7a6c6aeb1a3c9c414856da0444","name":"jflora","image":{"@type":"ImageObject","inLanguage":"pt-PT","@id":"https:\/\/i0.wp.com\/joaoflora.com\/lpcollect\/wp-content\/uploads\/2021\/04\/logo_lpcollect.png?fit=900%2C300&ssl=1","url":"https:\/\/i0.wp.com\/joaoflora.com\/lpcollect\/wp-content\/uploads\/2021\/04\/logo_lpcollect.png?fit=900%2C300&ssl=1","contentUrl":"https:\/\/i0.wp.com\/joaoflora.com\/lpcollect\/wp-content\/uploads\/2021\/04\/logo_lpcollect.png?fit=900%2C300&ssl=1","width":900,"height":300,"caption":"jflora"},"logo":{"@id":"https:\/\/i0.wp.com\/joaoflora.com\/lpcollect\/wp-content\/uploads\/2021\/04\/logo_lpcollect.png?fit=900%2C300&ssl=1"},"sameAs":["https:\/\/joaoflora.com\/lpcollect","https:\/\/www.facebook.com\/lpcollect","https:\/\/www.pinterest.pt\/lpcollect\/"]}]}},"jetpack_sharing_enabled":true,"_links":{"self":[{"href":"https:\/\/joaoflora.com\/lpcollect\/wp-json\/wp\/v2\/pages\/328","targetHints":{"allow":["GET"]}}],"collection":[{"href":"https:\/\/joaoflora.com\/lpcollect\/wp-json\/wp\/v2\/pages"}],"about":[{"href":"https:\/\/joaoflora.com\/lpcollect\/wp-json\/wp\/v2\/types\/page"}],"author":[{"embeddable":true,"href":"https:\/\/joaoflora.com\/lpcollect\/wp-json\/wp\/v2\/users\/1"}],"replies":[{"embeddable":true,"href":"https:\/\/joaoflora.com\/lpcollect\/wp-json\/wp\/v2\/comments?post=328"}],"version-history":[{"count":5,"href":"https:\/\/joaoflora.com\/lpcollect\/wp-json\/wp\/v2\/pages\/328\/revisions"}],"predecessor-version":[{"id":768,"href":"https:\/\/joaoflora.com\/lpcollect\/wp-json\/wp\/v2\/pages\/328\/revisions\/768"}],"wp:attachment":[{"href":"https:\/\/joaoflora.com\/lpcollect\/wp-json\/wp\/v2\/media?parent=328"}],"curies":[{"name":"wp","href":"https:\/\/api.w.org\/{rel}","templated":true}]}}